{"id":1196,"date":"2023-05-09T15:21:50","date_gmt":"2023-05-09T13:21:50","guid":{"rendered":"https:\/\/www.alcis.net\/terms-of-use\/"},"modified":"2024-05-30T14:34:18","modified_gmt":"2024-05-30T12:34:18","slug":"terms-of-use","status":"publish","type":"page","link":"https:\/\/www.alcis.net\/en\/terms-of-use\/","title":{"rendered":"Terms of use"},"content":{"rendered":"\n<div class=\"wp-block-group my-5 pb-lg-5 is-layout-constrained wp-block-group-is-layout-constrained\">\n<section class=\"wp-block-group is-layout-constrained wp-block-group-is-layout-constrained\">\n<h2 class=\"wp-block-heading has-long-arrow-left\" style=\"font-style:normal;font-weight:400;text-decoration:underline;text-transform:uppercase\">Responsable de publication :<\/h2>\n\n\n\n<p style=\"text-transform:none\"><span class=\"text-uppercase\">ALCIS<\/span><br\/>2, rue du Professeur Milleret<br\/>25000 BESAN\u00c7ON<\/p>\n\n\n\n<p><br\/>contact@alcis.net<\/p>\n\n\n\n<p>Soci\u00e9t\u00e9 par actions simplifi\u00e9e au capital de 100 000,00 \u20ac<br\/>TVA : FR30423808914<br\/>SIRET : 42380891400042<br\/>RCS Besancon B 423 808 914<\/p>\n<\/section>\n\n\n\n<section class=\"wp-block-group is-layout-constrained wp-block-group-is-layout-constrained\">\n<h2 class=\"wp-block-heading has-long-arrow-left\" style=\"font-style:normal;font-weight:400;text-decoration:underline;text-transform:uppercase\">Direction artistique :<\/h2>\n\n\n\n<p>SAS MCC &#8211; AGENCE \/ CREATIVE<br\/>ZA les Salines<br\/>25115 POUILLEY-LES-VIGNES<br\/><a href=\"https:\/\/mcc-agence.fr\/\" target=\"_blank\" rel=\"noopener\">https:\/\/mcc-agence.fr\/<\/a><\/p>\n\n\n\n<p>03 81 55 44 44<br\/>contact@mcc-agence.fr<\/p>\n<\/section>\n\n\n\n<section class=\"wp-block-group is-layout-constrained wp-block-group-is-layout-constrained\">\n<h2 class=\"wp-block-heading has-long-arrow-left\" style=\"font-style:normal;font-weight:400;text-decoration:underline;text-transform:uppercase\">Gestion de projets :<\/h2>\n\n\n\n<p>SAS MCC &#8211; AGENCE \/ CREATIVE<br\/>ZA les Salines<br\/>25115 POUILLEY-LES-VIGNES<br\/><a href=\"https:\/\/mcc-agence.fr\/\" target=\"_blank\" rel=\"noopener\">https:\/\/mcc-agence.fr\/<\/a><\/p>\n\n\n\n<p>03 81 55 44 44<br\/>contact@mcc-agence.fr<\/p>\n<\/section>\n\n\n\n<section class=\"wp-block-group is-layout-constrained wp-block-group-is-layout-constrained\">\n<h2 class=\"wp-block-heading has-long-arrow-left\" style=\"font-style:normal;font-weight:400;text-decoration:underline;text-transform:uppercase\">D\u00e9veloppement et int\u00e9gration :<\/h2>\n\n\n\n<p>DM Web<br\/>10 Boulevard Gambetta,<br\/>39000 Lons-le-Saunier<br\/><a href=\"https:\/\/dmweb.fr\" data-type=\"link\" data-id=\"https:\/\/dmweb.fr\" target=\"_blank\" rel=\"noopener\">https:\/\/dmweb.fr<\/a><\/p>\n<\/section>\n\n\n\n<section class=\"wp-block-group is-layout-constrained wp-block-group-is-layout-constrained\">\n<h2 class=\"wp-block-heading has-long-arrow-left\" style=\"font-style:normal;font-weight:400;text-decoration:underline;text-transform:uppercase\">photos :<\/h2>\n\n\n\n<p>Adobe stock<\/p>\n<\/section>\n\n\n\n<section class=\"wp-block-group is-layout-constrained wp-block-group-is-layout-constrained\">\n<h2 class=\"wp-block-heading has-long-arrow-left\" style=\"font-style:normal;font-weight:400;text-decoration:underline;text-transform:uppercase\">H\u00e9bergement :<\/h2>\n\n\n\n<p>FC NET<br\/>Le serveur est h\u00e9berg\u00e9 en France.<\/p>\n\n\n\n<p>SAS Franche Comt\u00e9 Net&#13;\n6 rue G\u00e9rard Mantion \u2013 25 000 BESANCON<\/p>\n\n\n\n<p>SIRET : 402 014 831 00042<\/p>\n<\/section>\n\n\n\n<section class=\"wp-block-group is-layout-constrained wp-block-group-is-layout-constrained\">\n<p>Les illustrations, dessins, textes, images anim\u00e9es ou fixes, vid\u00e9os, graphismes et tout autre \u00e9l\u00e9ment constituant le site web sont la propri\u00e9t\u00e9&#13;\nexclusive de la <span class=\"text-uppercase\">Soci\u00e9t\u00e9 par actions simplifi\u00e9e ALCIS<\/span>.<\/p>\n\n\n\n<p>Toute repr\u00e9sentation totale ou partielle de ce site ou des marques et logos prot\u00e9g\u00e9s, par quelque proc\u00e9d\u00e9 que ce soit, sans l\u2019autorisation expresse&#13;\nde la <span class=\"text-uppercase\">Soci\u00e9t\u00e9 par actions simplifi\u00e9e ALCIS<\/span> est interdite et constituerait une contrefa\u00e7on sanctionn\u00e9e par les articles L.335-2 et suivants du Code&#13;\nde la propri\u00e9t\u00e9 intellectuelle.<\/p>\n<\/section>\n<\/div>\n","protected":false},"excerpt":{"rendered":"<p>Responsable de publication : au capital de TVA : SIRET : RCS Direction artistique : SAS MCC &#8211; AGENCE \/ [&hellip;]<\/p>\n","protected":false},"author":6,"featured_media":0,"parent":0,"menu_order":0,"comment_status":"closed","ping_status":"closed","template":"","meta":{"_acf_changed":false,"footnotes":""},"class_list":["post-1196","page","type-page","status-publish","hentry"],"acf":[],"_links":{"self":[{"href":"https:\/\/www.alcis.net\/en\/wp-json\/wp\/v2\/pages\/1196","targetHints":{"allow":["GET"]}}],"collection":[{"href":"https:\/\/www.alcis.net\/en\/wp-json\/wp\/v2\/pages"}],"about":[{"href":"https:\/\/www.alcis.net\/en\/wp-json\/wp\/v2\/types\/page"}],"author":[{"embeddable":true,"href":"https:\/\/www.alcis.net\/en\/wp-json\/wp\/v2\/users\/6"}],"replies":[{"embeddable":true,"href":"https:\/\/www.alcis.net\/en\/wp-json\/wp\/v2\/comments?post=1196"}],"version-history":[{"count":1,"href":"https:\/\/www.alcis.net\/en\/wp-json\/wp\/v2\/pages\/1196\/revisions"}],"predecessor-version":[{"id":1197,"href":"https:\/\/www.alcis.net\/en\/wp-json\/wp\/v2\/pages\/1196\/revisions\/1197"}],"wp:attachment":[{"href":"https:\/\/www.alcis.net\/en\/wp-json\/wp\/v2\/media?parent=1196"}],"curies":[{"name":"wp","href":"https:\/\/api.w.org\/{rel}","templated":true}]}}

<div class="wp-block-group my-5 pb-lg-5 is-layout-constrained wp-block-group-is-layout-constrained">
<section class="wp-block-group is-layout-constrained wp-block-group-is-layout-constrained">
<h2 class="wp-block-heading has-long-arrow-left" style="font-style:normal;font-weight:400;text-decoration:underline;text-transform:uppercase">Responsable de publication :</h2>



<p style="text-transform:none"><span class="text-uppercase">ALCIS</span><br/>2, rue du Professeur Milleret<br/>25000 BESANÇON</p>



<p><br/>contact@alcis.net</p>



<p>Société par actions simplifiée au capital de 100 000,00 €<br/>TVA : FR30423808914<br/>SIRET : 42380891400042<br/>RCS Besancon B 423 808 914</p>
</section>



<section class="wp-block-group is-layout-constrained wp-block-group-is-layout-constrained">
<h2 class="wp-block-heading has-long-arrow-left" style="font-style:normal;font-weight:400;text-decoration:underline;text-transform:uppercase">Direction artistique :</h2>



<p>SAS MCC &#8211; AGENCE / CREATIVE<br/>ZA les Salines<br/>25115 POUILLEY-LES-VIGNES<br/><a href="https://mcc-agence.fr/" target="_blank" rel="noopener">https://mcc-agence.fr/</a></p>



<p>03 81 55 44 44<br/>contact@mcc-agence.fr</p>
</section>



<section class="wp-block-group is-layout-constrained wp-block-group-is-layout-constrained">
<h2 class="wp-block-heading has-long-arrow-left" style="font-style:normal;font-weight:400;text-decoration:underline;text-transform:uppercase">Gestion de projets :</h2>



<p>SAS MCC &#8211; AGENCE / CREATIVE<br/>ZA les Salines<br/>25115 POUILLEY-LES-VIGNES<br/><a href="https://mcc-agence.fr/" target="_blank" rel="noopener">https://mcc-agence.fr/</a></p>



<p>03 81 55 44 44<br/>contact@mcc-agence.fr</p>
</section>



<section class="wp-block-group is-layout-constrained wp-block-group-is-layout-constrained">
<h2 class="wp-block-heading has-long-arrow-left" style="font-style:normal;font-weight:400;text-decoration:underline;text-transform:uppercase">Développement et intégration :</h2>



<p>DM Web<br/>10 Boulevard Gambetta,<br/>39000 Lons-le-Saunier<br/><a href="https://dmweb.fr" data-type="link" data-id="https://dmweb.fr" target="_blank" rel="noopener">https://dmweb.fr</a></p>
</section>



<section class="wp-block-group is-layout-constrained wp-block-group-is-layout-constrained">
<h2 class="wp-block-heading has-long-arrow-left" style="font-style:normal;font-weight:400;text-decoration:underline;text-transform:uppercase">photos :</h2>



<p>Adobe stock</p>
</section>



<section class="wp-block-group is-layout-constrained wp-block-group-is-layout-constrained">
<h2 class="wp-block-heading has-long-arrow-left" style="font-style:normal;font-weight:400;text-decoration:underline;text-transform:uppercase">Hébergement :</h2>



<p>FC NET<br/>Le serveur est hébergé en France.</p>



<p>SAS Franche Comté Net&#13;
6 rue Gérard Mantion – 25 000 BESANCON</p>



<p>SIRET : 402 014 831 00042</p>
</section>



<section class="wp-block-group is-layout-constrained wp-block-group-is-layout-constrained">
<p>Les illustrations, dessins, textes, images animées ou fixes, vidéos, graphismes et tout autre élément constituant le site web sont la propriété&#13;
exclusive de la <span class="text-uppercase">Société par actions simplifiée ALCIS</span>.</p>



<p>Toute représentation totale ou partielle de ce site ou des marques et logos protégés, par quelque procédé que ce soit, sans l’autorisation expresse&#13;
de la <span class="text-uppercase">Société par actions simplifiée ALCIS</span> est interdite et constituerait une contrefaçon sanctionnée par les articles L.335-2 et suivants du Code&#13;
de la propriété intellectuelle.</p>
</section>
</div>
